pose -5*n - 2*a + r = 0, -25 = 6*a - a. What is the tens digit of n?
2
Suppose 2*c + u = -20, c = -4*c + 4*u - 50. Let w = 18 + c. Suppose -12*q + 200 = -w*q. What is the units digit of q?
0
Let k(z) = 8*z**2 + 97*z - 651. What is the units digit of k(50)?
9
Let n be (-16)/(-4) - 2/1. Suppose 8 = -n*x + 16. What is the units digit of 71 - (6 + x + -6)?
7
Let c(p) = -3*p + 100. Let g be c(26). Let v = 104 + g. What is the hundreds digit of v?
1
Let p(s) = s**3 + s**2 - s + 2. Let o be p(0). Suppose 3*y - 4 = o. Suppose 70 + y = 4*k. What is the tens digit of k?
1
Let k(y) be the third derivative of -y**6/40 + y**5/10 - y**4/6 + 10*y**3/3 - 46*y**2 - 2. What is the hundreds digit of k(-5)?
5
Suppose -2*l - 3*l - 3*u + 5442 = 0, -4336 = -4*l + 2*u. Suppose -5*f + l + 2254 = 0. What is the units digit of f?
8
Suppose 130 + 86 = 18*a. Suppose 2*s + s + 1684 = -4*m, -3*s + a = 0. Let d = -207 - m. What is the tens digit of d?
1
Let i = 1 + 14. Let a be (-85)/3 + (-1)/i*-5. Let h = -13 - a. What is the units digit of h?
5
Suppose -12 = -50*o + 46*o. Suppose -17 = 4*g - o*u, g + 3*u - u - 4 = 0. What is the tens digit of (-9)/((-27)/(-6))*129/g?
2
Let d(c) = 10*c - 6. Let z be d(2). Suppose 20*o = z*o + 6. What is the units digit of 196 + (-5)/o - -3?
4
Let u(k) = 51*k**2 - 6*k**2 - 3 - 20*k**2 + 44*k + 23*k - 13*k**2. What is the hundreds digit of u(-11)?
7
Suppose -p + g + 1836 = 0, -p + 8*g - 11*g + 1840 = 0. What is the hundreds digit of p?
8
Suppose -18*h = -9094 + 22. Let r = -16 + 18. Suppose -5*c - 5*y + 2*y + 652 = 0, -4*c + r*y + h = 0. What is the tens digit of c?
2
Suppose -r + 359 + 290 = 0. Let l = r + 151. What is the hundreds digit of l?
8
Suppose r + r = -3*i + 1, -7 = 3*i + 4*r. Let x be -2 - i/((-12)/232). Let y = 68 + x. What is the tens digit of y?
2
Let g = 7923 + -2553. Suppose g = 21*m - 16*m. What is the tens digit of m?
7
Let y = 3732 - -3159. What is the hundreds digit of y?
8
Let m(y) be the second derivative of 113*y**3/3 + 17*y**2/2 - 7*y. Let o be m(3). Suppose 4*g - o + 135 = 0. What is the units digit of g?
0
Suppose 32605 = 2*h - 3*b, 5*h - 154*b - 81541 = -156*b. What is the tens digit of h?
0
Let n(w) = -13*w**3 + 5*w**2 - 7*w + 9. Let s be n(-9). Suppose -34*u + s = -18198. What is the hundreds digit of u?
8
Let k(s) be the third derivative of 7*s**6/120 - s**5/5 + 7*s**4/12 - 342*s**2. What is the tens digit of k(7)?
1
Let p = -15206 - -21357. What is the hundreds digit of p?
1
Let a = 24 - 42. Let m(t) = 3*t + 18. Let l be m(a). What is the tens digit of l/54 + (-125)/(-3)?
4
Suppose 5*d = -2*w + 87121, 5*d = -4*w + 19787 + 154440. What is the thousands digit of w?
3
Suppose 4644 = j - 2*y - 3787, 2*y - 33694 = -4*j. What is the thousands digit of j?
8
Let z(i) = -3*i**2 - 9*i + 3. Let a be z(-3). Suppose -2*c = a*c - 10, -4*c = -4*j + 160. What is the tens digit of (-411)/(-7) - j/(-147)?
5
Suppose -3*l + 4*z = -145 + 47, 2*z - 46 = -l. Let c be 4/(-3)*(-171)/l. Suppose -385 = k - c*k. What is the units digit of k?
7
Let c(m) be the third derivative of 3*m**5/10 - 5*m**4/8 - 14*m**3 + 215*m**2. What is the tens digit of c(-8)?
8
Let d = 36786 - -23594. What is the tens digit of d?
8
Let k be (344/129)/(1/6). Suppose 0 = -0*h + k*h - 15280. What is the hundreds digit of h?
9
Suppose -46456 - 2790 = -4*f - 2*g, g + 49249 = 4*f. Suppose -15628 = -20*u + f. What is the tens digit of u?
9
Let n(h) = h**2 - 3*h + 1. Let s be n(-3). Let q = 23 - s. Suppose q*v + 3*r = 98, 4*v - 4*r - 82 = r. What is the tens digit of v?
2
Let n(o) = -o**2 - 187*o + 1561. Let x be n(8). Let m(t) = 39*t + 1. Let s be m(2). Suppose -d + 3*u + s = 0, -2*u = x - 3. What is the units digit of d?
2
Let p(h) = 3*h**2 - 2*h + 2. Let t be p(0). Let n be (-2 + t)*(2 + -3). Suppose 0 = 2*s - s - 5, -5*v - 2*s + 935 = n. What is the units digit of v?
5
Suppose -142 = 11*u + 210. Let w be 292/u - 2/(-16). What is the units digit of (-25 + 1)/(-3 - w/4)?
2
Let p be 22/(-319) - 2148/(-29). Let j = 2 - 2. Suppose j = -0*v - v + p. What is the tens digit of v?
7
Suppose 0 = 19*i + 4*i - 2*i - 521808. What is the thousands digit of i?
4
Suppose -3*g - f + 126221 = 0, 3*g + 5*f - 2*f - 126225 = 0. What is the tens digit of g?
7
Let p(k) = k**2 - 1. Let s(n) = 2*n**2 - 21*n + 16. Let j(r) = -4*p(r) + s(r). Let i be j(15). What is the units digit of i/(-15) + 2/(-3)?
9
Let w(l) = 2*l + 32. Let m = -54 - -41. Let d be w(m). Suppose i - 4*n - 121 = 0, 3*i = 2*n - d*n + 315. What is the tens digit of i?
0
Suppose -16*q + 13*q = -n + 15, -5*q - 5*n - 25 = 0. Let x(y) = 36*y**2 + 14*y + 36. What is the tens digit of x(q)?
6
Suppose 5*q = 3*d + 85551, -82*d + 81*d = -3*q + 51329. What is the units digit of q?
9
Let d = -79 + 147. Suppose 4*p - 3*z - 177 = 0, -4*z = 2*p - 184 + d. Let t = -14 + p. What is the units digit of t?
4
What is the tens digit of (2 - (-8)/((-48)/6))/((-2)/(-15876))?
3
Suppose -3*t - 5*l = -65, 3*l - 35 = -2*t - 2*l. Let h = -26 + t. What is the units digit of ((-4470)/(-45))/(h/6)?
9
What is the hundreds digit of (9264/(-10) + -3)/((-67)/1005)?
9
Let c(z) = z**2 - 2*z - 18. Let q be c(0). Let m = 20 + q. Suppose 3*i + m*o - 256 = 0, -3*i - i = 2*o - 338. What is the tens digit of i?
8
What is the units digit of (-292)/(-2482) - 41665/(-17)?
1
Let s be ((-3)/1 + 1)/((-4)/8). Suppose -c + 4*p = -279, -5*p - 14 = -s. What is the hundreds digit of c?
2
Let s be 6 - 8 - (1 + -1543). Suppose 0 = -u + 3*l + s, -4*u - 6*l = -2*l - 6160. What is the units digit of u?
0
What is the units digit of 322500/(60/12) - -3 - 6?
7
Suppose 0*z + x = -2*z + 374, x = 4*z - 754. Suppose 167 = 5*y - z. What is the tens digit of y?
7
Let h(x) = x**2 + x. Let y be h(-3). Let m(o) = 0*o + 7*o + 0*o + 2*o**2 - y*o + 13. What is the tens digit of m(4)?
4
What is the units digit of ((-11044)/6 - 3)*-6?
2
Let g = 120720 + -28527. What is the tens digit of g?
9
Suppose 438*m = 437*m - 15. What is the tens digit of 42770/25 - 3/m?
1
Let c(s) = 8*s**2 - 9*s - 19. Let n be (0/(-7) - -27)*(-3)/(-9). What is the tens digit of c(n)?
4
Suppose 11 + 49 = 4*x. Suppose -x*k + 18*k + 18 = 0. What is the tens digit of (-261)/k + 12/8?
4
Let c(i) = i**2 + 4*i - 11. Let q be (-17)/(-51) + (-10)/(-6). Suppose -7*a - 45 = -q*a. What is the units digit of c(a)?
4
Suppose 10*b = -3*j + 12*b + 5939, 3*b + 12 = 0. What is the thousands digit of j?
1
Let w(a) be the third derivative of -1 + 0*a + 1/120*a**6 + 2*a**2 + 1/60*a**5 + a**3 - 5/24*a**4. What is the tens digit of w(6)?
2
Suppose 2*u = 5*d - 1425, 0 = 5*d + 14*u - 11*u - 1400. Suppose 2*i - 111 = n, 3*n + 0*n = -5*i + d. What is the units digit of i?
6
What is the thousands digit of (-12005 - 3)/4*561/(-102)?
6
Let o(t) = t**3 - 13*t**2 + 17*t - 11. Let b be o(12). Let y = b + -13. What is the tens digit of y?
3
Suppose -453*i = -503*i + 175300. What is the hundreds digit of i?
5
Suppose 27*r = 32656 + 12488. What is the hundreds digit of r?
6
Let r(k) = -6269*k**2 - 2*k + 2. Let c be r(-1). What is the units digit of c/(-15) + 6/(-18)*-1?
8
Let z(x) = 6*x - 1. Suppose -84 = 2*a - 14*a. Let u be z(a). Let t = -12 + u. What is the tens digit of t?
2
Let w(i) = 3*i**3 - 33*i**2 + 26*i + 86. What is the hundreds digit of w(14)?
2
Let d(o) = -36*o - 44. Let a be d(-29). Suppose -4*r = 2*z - 6*r - a, -z - r = -496. What is the hundreds digit of z?
4
Let q = -1417 - -2724. Let z = -916 + q. What is the units digit of z?
1
Suppose -57*c + 112*c = -67*c + 2746464. What is the units digit of c?
2
Suppose 5*d = p - 20, -d = 6*p - 4*p - 7. Suppose -p*q = -2*a - 28, 4*a + 5*q + 38 = -48. Let f = 53 + a. What is the units digit of f?
4
Let n(s) be the third derivative of s**6/120 - s**5/10 - 3*s**4/8 - 4*s**3/3 - 185*s**2. What is the tens digit of n(9)?
5
Suppose 5652 = 3*q - 5*m, 10*m - 11*m = 3. Let x = q - 401. What is the thousands digit of x?
1
Let r be ((-18)/4)/((-54)/324). What is the hundreds digit of (338/(-8))/(r/(-216))?
3
Let c = -12275 - -17923. What is the tens digit of c?
4
Let u be ((140/(-25))/(-7))/(2/(-65)). What is the tens digit of -5 + (-420)/(-26) - (-4)/u?
1
Suppose 4*m - 24072 = 2*c - 6*c, 0 = 3*c + 6. What is the units digit of m?
0
What is the tens digit of -11 + 1 + 0 + 7284?
7
Let n be (-25 - -5)*(0 + (4 - 0